{"id":35,"date":"2010-03-18T05:37:53","date_gmt":"2010-03-18T04:37:53","guid":{"rendered":"http:\/\/herage.org\/blog\/?page_id=35"},"modified":"2021-07-01T12:45:12","modified_gmt":"2021-07-01T10:45:12","slug":"principes-de-labonnement","status":"publish","type":"page","link":"https:\/\/herage.org\/blog\/principes-de-labonnement\/","title":{"rendered":"Abonnement au Blog"},"content":{"rendered":"<p>Ce Blog, bas\u00e9 sur WordPress, dispose d&rsquo;un syst\u00e8me d&rsquo;abonnement.<\/p>\n<p>Ce dernier est gratuit et permet aux personnes y ayant souscrit, de recevoir un message \u00e9lectronique d\u00e8s qu&rsquo;un nouvel article est ins\u00e9r\u00e9 et publi\u00e9. Cet abonnement est personnalisable et, bien sur, peut \u00eatre abandonn\u00e9 \u00e0 tout moment.<\/p>\n<p>Gr\u00e2ce \u00e0 ce syst\u00e8me, vous serez averti en temps r\u00e9el de la vie de ce Blog.<\/p>\n<p><span style=\"color: #333399;\"><em><span style=\"color: #333399;\">Identifiant, adresse mail et mot de passe sont ind\u00e9pendants de ceux du site herage.org ou du forum sur Yahoo (ou encore liste de diffusion). Ils peuvent \u00eatre diff\u00e9rents. Mais pour des raisons de coh\u00e9rence et, si vous le souhaitez, l&rsquo;identifiant (au moins) peut correspondre&nbsp;\u00e0 celui d&rsquo;herage.org soit votre num\u00e9ro d&rsquo;adh\u00e9rent (sur 4 chiffre) pr\u00e9fix\u00e9 de cgp . Ceci permettra au lecteur de vous reconna\u00eetre comme adh\u00e9rent.<\/span><\/em><\/span><\/p>\n<p>&nbsp;<strong class=\"nowrap\">        <form enctype=\"multipart\/form-data\" method=\"post\" id=\"wppb-register-user\" class=\"wppb-user-forms wppb-register-user wppb-user-logged-out\" action=\"https:\/\/herage.org\/blog\/wp-json\/wp\/v2\/pages\/35\">\n\t\t\t<ul><li class=\"wppb-form-field wppb-default-name-heading\" id=\"wppb-form-element-1\"><h4>Identit\u00e9<\/h4><span class=\"wppb-description-delimiter \"><\/span><\/li><li class=\"wppb-form-field wppb-default-username\" id=\"wppb-form-element-2\">\n\t\t\t<label for=\"username\">Nom usuel<span class=\"wppb-required\" title=\"Ce champ est obligatoire\">*<\/span><\/label>\n\t\t\t<input class=\"text-input default_field_username \" name=\"username\" maxlength=\"70\" type=\"text\" id=\"username\" value=\"\"  \/><\/li><li class=\"wppb-form-field wppb-default-first-name\" id=\"wppb-form-element-3\">\n\t\t\t<label for=\"first_name\">Pr\u00e9nom<\/label>\n\t\t\t<input class=\"text-input default_field_firstname \" name=\"first_name\" maxlength=\"70\" type=\"text\" id=\"first_name\" value=\"\"  \/><\/li><li class=\"wppb-form-field wppb-default-last-name\" id=\"wppb-form-element-4\">\n\t\t\t<label for=\"last_name\">Nom de naissance<\/label>\n\t\t\t<input class=\"text-input default_field_lastname \" name=\"last_name\" maxlength=\"70\" type=\"text\" id=\"last_name\" value=\"\" \/><\/li><li class=\"wppb-form-field wppb-default-nickname\" id=\"wppb-form-element-5\">\n\t\t\t<label for=\"nickname\">Surnom<\/label>\n\t\t\t<input class=\"text-input default_field_nickname \" name=\"nickname\" maxlength=\"70\" type=\"text\" id=\"nickname\" value=\"\" \/><\/li><li class=\"wppb-form-field wppb-default-display-name-publicly-as\" id=\"wppb-form-element-6\"><\/li><li class=\"wppb-form-field wppb-default-contact-info-heading\" id=\"wppb-form-element-7\"><h4>Informations de contact<\/h4><span class=\"wppb-description-delimiter \"><\/span><\/li><li class=\"wppb-form-field wppb-default-e-mail\" id=\"wppb-form-element-8\">\n\t\t\t<label for=\"email\">E-mail<span class=\"wppb-required\" title=\"Ce champ est obligatoire\">*<\/span><\/label>\n\t\t\t<input class=\"text-input default_field_email \" name=\"email\" maxlength=\"70\" type=\"email\" id=\"email\" value=\"\"   \/><\/li><li class=\"wppb-form-field wppb-default-website\" id=\"wppb-form-element-9\">\n\t\t\t<label for=\"website\">Site web<\/label>\n\t\t\t<input class=\"text-input default_field_website \" name=\"website\" maxlength=\"70\" type=\"text\" id=\"website\" value=\"\" \/><\/li><li class=\"wppb-form-field wppb-default-password\" id=\"wppb-form-element-15\">\n\t\t\t<label for=\"passw1\">Mot de passe<span class=\"wppb-required\" title=\"Ce champ est obligatoire\">*<\/span><\/label>\n\t\t\t<input class=\"text-input \" name=\"passw1\" maxlength=\"70\" type=\"password\" id=\"passw1\" value=\"\" autocomplete=\"off\" \/><span class=\"wppb-description-delimiter\">Votre mot de passe doit contenir au moins 8 caract\u00e8res compos\u00e9s de Chiffres, Lettres majuscules et lettres minuscules. Minimum length of 8 characters. <br>Le mot de passe doit avoir une r\u00e9sistance minimale de Moyen<\/span><span id=\"pass-strength-result\">Indicateur de s\u00fbret\u00e9<\/span>\n        <input type=\"hidden\" value=\"\" name=\"wppb_password_strength\" id=\"wppb_password_strength\"\/><\/li><li class=\"wppb-form-field wppb-default-repeat-password\" id=\"wppb-form-element-16\">\n\t\t\t<label for=\"passw2\">R\u00e9p\u00e9t\u00e9 votre mot de passe<span class=\"wppb-required\" title=\"Ce champ est obligatoire\">*<\/span><\/label>\n\t\t\t<input class=\"text-input \" name=\"passw2\" maxlength=\"70\" type=\"password\" id=\"passw2\" value=\"\" autocomplete=\"off\" \/><\/li><\/ul><ul><\/ul>\t\t\t<p class=\"form-submit\"  >\n\t\t\t\t                \t\t\t\t<input name=\"register\" type=\"submit\" id=\"register\" class=\"submit button\" value=\"S&#039;inscrire\" \/>\n                <input name=\"redirect_to\" type=\"hidden\" value=\"\" \/>\n                \t\t\t\t<input name=\"action\" type=\"hidden\" id=\"action\" value=\"register\" \/>\n\t\t\t\t<input name=\"form_name\" type=\"hidden\" id=\"form_name\" value=\"unspecified\" \/>\n\t\t\t\t<input name=\"form_id\" type=\"hidden\" id=\"form_id\" value=\"\" \/>\n\t\t\t\t\t\t\t<\/p><!-- .form-submit -->\n\t\t\t<input type=\"hidden\" id=\"register_unspecified_nonce_field\" name=\"register_unspecified_nonce_field\" value=\"2faad07c35\" \/><input type=\"hidden\" name=\"_wp_http_referer\" value=\"\/blog\/wp-json\/wp\/v2\/pages\/35\" \/>\t\t<\/form>\n\t\t<\/strong><\/p>\n","protected":false},"excerpt":{"rendered":"<p>Ce Blog, bas\u00e9 sur WordPress, dispose d&rsquo;un syst\u00e8me d&rsquo;abonnement. Ce dernier est gratuit et permet aux personnes y ayant souscrit, de recevoir un message \u00e9lectronique d\u00e8s qu&rsquo;un nouvel article est ins\u00e9r\u00e9 et publi\u00e9. Cet abonnement est personnalisable et, bien sur, &hellip; <a href=\"https:\/\/herage.org\/blog\/principes-de-labonnement\/\">Continuer la lecture <span class=\"meta-nav\">&rarr;<\/span><\/a><\/p>\n","protected":false},"author":3,"featured_media":0,"parent":0,"menu_order":2,"comment_status":"closed","ping_status":"closed","template":"","meta":{"spay_email":""},"jetpack_sharing_enabled":true,"jetpack_shortlink":"https:\/\/wp.me\/P4fVnZ-z","jetpack-related-posts":[{"id":141,"url":"https:\/\/herage.org\/blog\/calendrier\/agenda-du-cgpparis\/","url_meta":{"origin":35,"position":0},"title":"RDV Franciliens","date":"7 septembre 2010","format":false,"excerpt":"Tous les 2 mois environ, les adh\u00e9rents et sympathisants qui le d\u00e9sirent se retrouvent dans des locaux situ\u00e9s au centre de Paris (Restaurant Le Standard Rive Gauche), ou parfois, en VisioConf\u00e9rence et ceci en fonction des possibilit\u00e9s. Ces r\u00e9union sont l\u2019occasion d'\u00e9changes conviviales entre adh\u00e9rents et sympathisants sur les recherches\u2026","rel":"","context":"Avec 4 commentaires","img":{"alt_text":"","src":"","width":0,"height":0},"classes":[]},{"id":2,"url":"https:\/\/herage.org\/blog\/a-propos\/","url_meta":{"origin":35,"position":1},"title":"\u00c0 propos","date":"15 mars 2010","format":false,"excerpt":"Ceci est une premi\u00e8re page pour indiquer la raison d'\u00eatre de ce Blog. Ils nous a sembl\u00e9 qu'aucun Blog ne reprenait les diverses actions ou manifestations concernant la g\u00e9n\u00e9alogie de la Vienne. Nous sommes passionn\u00e9s de g\u00e9n\u00e9alogie et fr\u00e9quentons assiduement les archives d\u00e9partementales du d\u00e9partement. En plus, adh\u00e9rents du CGP\u2026","rel":"","context":"Dans &quot;Non class\u00e9&quot;","img":{"alt_text":"","src":"","width":0,"height":0},"classes":[]},{"id":711,"url":"https:\/\/herage.org\/blog\/calendrier\/rencontres-au-local-du-cgp-a-poitiers\/","url_meta":{"origin":35,"position":2},"title":"RDV \u00e0 Poitiers","date":"28 janvier 2016","format":false,"excerpt":"Ouverture de la permanence de l'association.","rel":"","context":"Article similaire","img":{"alt_text":"","src":"","width":0,"height":0},"classes":[]},{"id":2941,"url":"https:\/\/herage.org\/blog\/anniversaire\/","url_meta":{"origin":35,"position":3},"title":"Anniversaire !","date":"28 juin 2021","format":false,"excerpt":"Mai 1981 ! ... Le Cercle G\u00e9n\u00e9alogique Poitevin d\u00e9pose ses statuts. Cela fait 40 ans !... Un anniversaire cela se f\u00eate ! Attendue par les adh\u00e9rents du cercle, notamment par les plus anciens qui se souviennent des derni\u00e8res occasions, 2021 devait, d\u00e8s son av\u00e8nement, \u00eatre une ann\u00e9e de festivit\u00e9s et\u2026","rel":"","context":"Article similaire","img":{"alt_text":"40 ans de g\u00e9n\u00e9alogie pour le Cercle G\u00e9n\u00e9alogique Poitevin","src":"https:\/\/i0.wp.com\/herage.org\/blog\/wp-content\/uploads\/2021\/06\/cercle-genealogique_anniv.png?fit=600%2C851&ssl=1&resize=350%2C200","width":350,"height":200},"classes":[]},{"id":1562,"url":"https:\/\/herage.org\/blog\/principes-de-labonnement\/modification-du-profil-sur-le-blog\/","url_meta":{"origin":35,"position":4},"title":"Modification du profil","date":"11 octobre 2018","format":false,"excerpt":"Vous pouvez actualiser vos informations sur le blog sur cette page. Bien s\u00fbr, il est n\u00e9cessaire de vous identifier pr\u00e9alablement. \u00a0","rel":"","context":"Article similaire","img":{"alt_text":"","src":"","width":0,"height":0},"classes":[]},{"id":569,"url":"https:\/\/herage.org\/blog\/calendrier\/","url_meta":{"origin":35,"position":5},"title":"Rencontres et rendez-vous","date":"16 janvier 2014","format":false,"excerpt":"","rel":"","context":"Article similaire","img":{"alt_text":"","src":"","width":0,"height":0},"classes":[]}],"_links":{"self":[{"href":"https:\/\/herage.org\/blog\/wp-json\/wp\/v2\/pages\/35"}],"collection":[{"href":"https:\/\/herage.org\/blog\/wp-json\/wp\/v2\/pages"}],"about":[{"href":"https:\/\/herage.org\/blog\/wp-json\/wp\/v2\/types\/page"}],"author":[{"embeddable":true,"href":"https:\/\/herage.org\/blog\/wp-json\/wp\/v2\/users\/3"}],"replies":[{"embeddable":true,"href":"https:\/\/herage.org\/blog\/wp-json\/wp\/v2\/comments?post=35"}],"version-history":[{"count":18,"href":"https:\/\/herage.org\/blog\/wp-json\/wp\/v2\/pages\/35\/revisions"}],"predecessor-version":[{"id":2925,"href":"https:\/\/herage.org\/blog\/wp-json\/wp\/v2\/pages\/35\/revisions\/2925"}],"wp:attachment":[{"href":"https:\/\/herage.org\/blog\/wp-json\/wp\/v2\/media?parent=35"}],"curies":[{"name":"wp","href":"https:\/\/api.w.org\/{rel}","templated":true}]}}