{"id":711,"date":"2016-01-28T18:49:12","date_gmt":"2016-01-28T17:49:12","guid":{"rendered":"http:\/\/herage.org\/blog\/?page_id=711"},"modified":"2023-08-12T10:38:12","modified_gmt":"2023-08-12T08:38:12","slug":"rencontres-au-local-du-cgp-a-poitiers","status":"publish","type":"page","link":"https:\/\/herage.org\/blog\/calendrier\/rencontres-au-local-du-cgp-a-poitiers\/","title":{"rendered":"RDV \u00e0 Poitiers"},"content":{"rendered":"<p>Vous pouvez venir rencontrer des adh\u00e9rents au local de l&rsquo;association situ\u00e9<br \/>\n<a title=\"Local du CGP\" href=\"https:\/\/www.google.fr\/maps\/@46.5815184,0.3454196,20z\" target=\"_blank\" rel=\"noopener noreferrer\">22 rue Ars\u00e8ne Orillard<\/a> \u00e0 Poitiers (86000) les :<\/p>\n<ul>\n<li>1\u00b0 samedi de 9h \u00e0 12h<\/li>\n<li>2\u00b0 vendredi de 15h \u00e0 18h<\/li>\n<li>4\u00b0 samedi de 15h \u00e0 18h<\/li>\n<\/ul>\n<p>et ceci chaque mois de l&rsquo;ann\u00e9e, y compris en \u00e9t\u00e9 pour nos adh\u00e9rents en cong\u00e9s ou de passage dans le d\u00e9partement et ceci sauf si une date correspond \u00e0 un jour f\u00e9ri\u00e9.<\/p>\n<p>N&rsquo;h\u00e9sitez \u00e0 venir, un parking gratuit pour les visiteurs, est disponible le samedi (la barri\u00e8re d&rsquo;acc\u00e8s s&rsquo;ouvrira sur demande).<\/p>\n<p>Et en cas de doute, n&rsquo;h\u00e9sitez pas \u00e0 contacter l&rsquo;association \u00e0 l&rsquo;adresse cgp@herage.org.<\/p>\n","protected":false},"excerpt":{"rendered":"<p>Ouverture de la permanence de l&rsquo;association. <a href=\"https:\/\/herage.org\/blog\/calendrier\/rencontres-au-local-du-cgp-a-poitiers\/\">Continuer la lecture <span class=\"meta-nav\">&rarr;<\/span><\/a><\/p>\n","protected":false},"author":3,"featured_media":0,"parent":569,"menu_order":2,"comment_status":"closed","ping_status":"closed","template":"","meta":{"spay_email":""},"jetpack_sharing_enabled":true,"jetpack_shortlink":"https:\/\/wp.me\/P4fVnZ-bt","jetpack-related-posts":[{"id":141,"url":"https:\/\/herage.org\/blog\/calendrier\/agenda-du-cgpparis\/","url_meta":{"origin":711,"position":0},"title":"RDV Franciliens","date":"7 septembre 2010","format":false,"excerpt":"Tous les 2 mois environ, les adh\u00e9rents et sympathisants qui le d\u00e9sirent se retrouvent dans des locaux situ\u00e9s au centre de Paris (Restaurant Le Standard Rive Gauche), ou parfois, en VisioConf\u00e9rence et ceci en fonction des possibilit\u00e9s. Ces r\u00e9union sont l\u2019occasion d'\u00e9changes conviviales entre adh\u00e9rents et sympathisants sur les recherches\u2026","rel":"","context":"Avec 4 commentaires","img":{"alt_text":"","src":"","width":0,"height":0},"classes":[]},{"id":2,"url":"https:\/\/herage.org\/blog\/a-propos\/","url_meta":{"origin":711,"position":1},"title":"\u00c0 propos","date":"15 mars 2010","format":false,"excerpt":"Ceci est une premi\u00e8re page pour indiquer la raison d'\u00eatre de ce Blog. Ils nous a sembl\u00e9 qu'aucun Blog ne reprenait les diverses actions ou manifestations concernant la g\u00e9n\u00e9alogie de la Vienne. Nous sommes passionn\u00e9s de g\u00e9n\u00e9alogie et fr\u00e9quentons assiduement les archives d\u00e9partementales du d\u00e9partement. En plus, adh\u00e9rents du CGP\u2026","rel":"","context":"Dans &quot;Non class\u00e9&quot;","img":{"alt_text":"","src":"","width":0,"height":0},"classes":[]},{"id":2941,"url":"https:\/\/herage.org\/blog\/anniversaire\/","url_meta":{"origin":711,"position":2},"title":"Anniversaire !","date":"28 juin 2021","format":false,"excerpt":"Mai 1981 ! ... Le Cercle G\u00e9n\u00e9alogique Poitevin d\u00e9pose ses statuts. Cela fait 40 ans !... Un anniversaire cela se f\u00eate ! Attendue par les adh\u00e9rents du cercle, notamment par les plus anciens qui se souviennent des derni\u00e8res occasions, 2021 devait, d\u00e8s son av\u00e8nement, \u00eatre une ann\u00e9e de festivit\u00e9s et\u2026","rel":"","context":"Article similaire","img":{"alt_text":"40 ans de g\u00e9n\u00e9alogie pour le Cercle G\u00e9n\u00e9alogique Poitevin","src":"https:\/\/i0.wp.com\/herage.org\/blog\/wp-content\/uploads\/2021\/06\/cercle-genealogique_anniv.png?fit=600%2C851&ssl=1&resize=350%2C200","width":350,"height":200},"classes":[]},{"id":35,"url":"https:\/\/herage.org\/blog\/principes-de-labonnement\/","url_meta":{"origin":711,"position":3},"title":"Abonnement au Blog","date":"18 mars 2010","format":false,"excerpt":"Ce Blog, bas\u00e9 sur WordPress, dispose d'un syst\u00e8me d'abonnement. Ce dernier est gratuit et permet aux personnes y ayant souscrit, de recevoir un message \u00e9lectronique d\u00e8s qu'un nouvel article est ins\u00e9r\u00e9 et publi\u00e9. Cet abonnement est personnalisable et, bien sur, peut \u00eatre abandonn\u00e9 \u00e0 tout moment. Gr\u00e2ce \u00e0 ce syst\u00e8me,\u2026","rel":"","context":"Dans &quot;Non class\u00e9&quot;","img":{"alt_text":"","src":"","width":0,"height":0},"classes":[]},{"id":569,"url":"https:\/\/herage.org\/blog\/calendrier\/","url_meta":{"origin":711,"position":4},"title":"Rencontres et rendez-vous","date":"16 janvier 2014","format":false,"excerpt":"","rel":"","context":"Article similaire","img":{"alt_text":"","src":"","width":0,"height":0},"classes":[]}],"_links":{"self":[{"href":"https:\/\/herage.org\/blog\/wp-json\/wp\/v2\/pages\/711"}],"collection":[{"href":"https:\/\/herage.org\/blog\/wp-json\/wp\/v2\/pages"}],"about":[{"href":"https:\/\/herage.org\/blog\/wp-json\/wp\/v2\/types\/page"}],"author":[{"embeddable":true,"href":"https:\/\/herage.org\/blog\/wp-json\/wp\/v2\/users\/3"}],"replies":[{"embeddable":true,"href":"https:\/\/herage.org\/blog\/wp-json\/wp\/v2\/comments?post=711"}],"version-history":[{"count":11,"href":"https:\/\/herage.org\/blog\/wp-json\/wp\/v2\/pages\/711\/revisions"}],"predecessor-version":[{"id":3402,"href":"https:\/\/herage.org\/blog\/wp-json\/wp\/v2\/pages\/711\/revisions\/3402"}],"up":[{"embeddable":true,"href":"https:\/\/herage.org\/blog\/wp-json\/wp\/v2\/pages\/569"}],"wp:attachment":[{"href":"https:\/\/herage.org\/blog\/wp-json\/wp\/v2\/media?parent=711"}],"curies":[{"name":"wp","href":"https:\/\/api.w.org\/{rel}","templated":true}]}}

RDV à Poitiers

<p>Vous pouvez venir rencontrer des adhérents au local de l&rsquo;association situé<br />
<a title="Local du CGP" href="https://www.google.fr/maps/@46.5815184,0.3454196,20z" target="_blank" rel="noopener noreferrer">22 rue Arsène Orillard</a> à Poitiers (86000) les :</p>
<ul>
<li>1° samedi de 9h à 12h</li>
<li>2° vendredi de 15h à 18h</li>
<li>4° samedi de 15h à 18h</li>
</ul>
<p>et ceci chaque mois de l&rsquo;année, y compris en été pour nos adhérents en congés ou de passage dans le département et ceci sauf si une date correspond à un jour férié.</p>
<p>N&rsquo;hésitez à venir, un parking gratuit pour les visiteurs, est disponible le samedi (la barrière d&rsquo;accès s&rsquo;ouvrira sur demande).</p>
<p>Et en cas de doute, n&rsquo;hésitez pas à contacter l&rsquo;association à l&rsquo;adresse cgp@herage.org.</p>

Tous les 2 mois environ, les adhérents et sympathisants qui le désirent se retrouvent dans des locaux situés au centre de Paris (Restaurant Le Standard Rive Gauche), ou parfois, en VisioConférence et ceci en fonction des possibilités. Ces réunion sont l’occasion d'échanges conviviales entre adhérents et sympathisants sur les recherches…

À propos

Ceci est une première page pour indiquer la raison d'être de ce Blog. Ils nous a semblé qu'aucun Blog ne reprenait les diverses actions ou manifestations concernant la généalogie de la Vienne. Nous sommes passionnés de généalogie et fréquentons assiduement les archives départementales du département. En plus, adhérents du CGP…

Dans &quot;Non classé&quot;

Mai 1981 ! ... Le Cercle Généalogique Poitevin dépose ses statuts. Cela fait 40 ans !... Un anniversaire cela se fête ! Attendue par les adhérents du cercle, notamment par les plus anciens qui se souviennent des dernières occasions, 2021 devait, dès son avènement, être une année de festivités et…

40 ans de généalogie pour le Cercle Généalogique Poitevin

Ce Blog, basé sur WordPress, dispose d'un système d'abonnement. Ce dernier est gratuit et permet aux personnes y ayant souscrit, de recevoir un message électronique dès qu'un nouvel article est inséré et publié. Cet abonnement est personnalisable et, bien sur, peut être abandonné à tout moment. Grâce à ce système,…
